.
2
Suppose 0 = -5*w - 8*w + 69394. Let k(v) = 5344 - w - v - v. Determine k(-10).
26
Let o = 127 + -130. Let n(u) = 6*u - 8. Let s(p) = -p + 4. Let b(d) = n(d) + 4*s(d). What is b(o)?
2
Let z(c) = -c**3 + 3*c**2 + 7*c - 6. Let o be z(4). Let i(s) be the first derivative of -1/3*s**3 + 296 - 7*s + 3*s**2. Determine i(o).
-7
Let l(q) = 16*q**2 - 8487 + 2*q**3 + 56*q + 16*q**2 + 8363 - 5*q**3 + 4*q**3. Determine l(-30).
-4
Let r(p) = 101*p**2 + 8*p - 13. Let b(j) = -227*j**2 - 17*j + 27. Let m(c) = -4*b(c) - 9*r(c). Suppose 3*v = 2*a + 2*a + 22, 13 = -3*a + 4*v. Determine m(a).
-12
Suppose 495 = 8*f + f. Let o(a) = -f + 2*a - a - 51 + 105. Give o(13).
12
Let u(y) = -2*y + 1. Let v be (3/(-6))/(0 + (-2)/(-384)). Let d = v - -117. Suppose -6*t + d = -15. Determine u(t).
-11
Let l(w) = 3*w**2 - 10*w + 12. Let g(u) = 2*u**2 - 7*u + 8. Let a(b) = 8*g(b) - 5*l(b). Let s be 1698/18 - (-1)/(-3). Let i = -89 + s. Calculate a(i).
-1
Let z(y) = -y + 1. Let c(a) = -34*a + 7. Let r(o) = -c(o) + 6*z(o). Let d be r(1). Let k(b) = -4*b**2 - 1 + 3*b**2 + 4 - d*b + 28*b. Give k(3).
-3
Let b(i) = -13*i**3 - i**2 - i - 3. Let s(d) = -66*d**3 - 5*d**2 - 6*d - 16. Let x(w) = 11*b(w) - 2*s(w). Let a be 52/60 - (-9 - 532/(-60)). What is x(a)?
-12
Let u(s) = 5*s + 78. Let z be 6 - (-655)/(-25) - 16/(-80). Give u(z).
-22
Let g be (((-1)/14)/((-30)/(-1080)))/((-4)/14). Let x(p) = 2*p + 7*p**3 - 8*p**3 - 6 + 6*p + 8*p**2. Determine x(g).
-15
Let l(u) = 17*u**2 - 6*u - 5. Let x = 3656 - 3657. What is l(x)?
18
Let s(p) = p**2 - 5*p - 126. Let j be s(14). Let t(y) = -10*y + 8*y**2 - 3 - 11*y**2 + y + 5*y**2 + j*y**2. What is t(4)?
-7
Let z(j) = 211*j + 49581. Let y be z(-235). Let m(l) = -3*l**3 + 5*l**2 + 5*l**3 - l**3. What is m(y)?
16
Let c = -1899 + 1902. Let r(v) = -11*v - 4. What is r(c)?
-37
Let s(p) = -p**2 + p. Let f be s(2). Let y(u) be the second derivative of -u**5/20 - u**4/6 - u**3/2 - u**2/2 - 22692*u. What is y(f)?
5
Let j(v) be the third derivative of 0 + 1/2*v**3 - 4*v - 1/6*v**4 - v**2. Calculate j(2).
-5
Let r(l) be the second derivative of -l**5/10 + 17*l**4/12 + 11*l**3/6 + 3*l**2/2 + 1930*l. Give r(9).
21
Let s(b) = -b - 1. Let x(g) = g**3 + g**2 - 5*g - 11. Let i(a) = -4*s(a) + x(a). Let c = -40 + 44. Suppose -j = 4, -c*r + 9 = -5*j - 11. Calculate i(r).
-7
Let u(a) = -3*a**2 + 5*a**2 - 5 - 13*a - a**2 + a**3 - 4*a**2 - 2. Determine u(6).
23
Suppose -32 = -2*x + i, -2*i + 42 = x + 26. Let s(p) = -8*p - 1. Let b be s(2). Let w = b + x. Let l(m) = 12*m**3 - m. Calculate l(w).
-11
Let n(o) = -o**2 + o + 1. Let s be n(0). Let d be s/(-2)*(-53 + 5). Let y = 27 - d. Let f(g) = -g**3 + 4*g**2 - g - 3. What is f(y)?
3
Let q(b) = -b**2 + 576*b + 1733. Let u be q(-3). Suppose 35 = 4*x + 5*y, 2*y - 3 = y. Let w(o) = x - 7*o + 0*o**2 + o - o**2. Determine w(u).
13
Let a(r) = r**2 - r + 1. Let y(h) = -h**3 + 5*h**2 - 6*h + 3. Let m(s) = 3*a(s) - y(s). Let c(f) = 2*f**2 - 3*f + 2. Let w be c(0). Give m(w).
6
Let k(q) = -q**3 + 9*q**2 + 10*q - 6. Let r(c) = -2*c**2 - 1. Let b(a) = 14*a**2 + 5*a - 11. Let w(g) = b(g) + 5*r(g). Let d be w(2). What is k(d)?
-6
Let f(x) = -x**3 + 4*x**2 - 3*x - 3. Let b(t) = -t**3 - 11*t**2 + 14*t + 8. Let u be b(-9). Let y = u - -284. Calculate f(y).
-15
Suppose -4*f + 228 = 17*f - 87. Let l(q) = 11*q - 167. Give l(f).
-2
Let i(d) = -21*d**2 - 30*d - 30. Let q(n) be the first derivative of n**3 + 2*n**2 + 4*n + 17. Let w(f) = 4*i(f) + 30*q(f). What is w(-1)?
6
Let g(a) = 15*a + 332. Let b(t) = -3*t - 66. Let k(c) = 11*b(c) + 2*g(c). Let p be k(-16). Let w(z) = z**3 + 13*z**2 - 12*z + 17. Determine w(p).
-11
Suppose 4049*q - 32 = 4033*q. Let h(s) = 12*s**2 + 1. What is h(q)?
49
Let q(j) = j**2 - 4*j - 1. Let t(h) = h**2 - 7*h - 2. Let k(v) = -5*q(v) + 3*t(v). Let s = 313 - 290. Suppose 18*c = s*c + 5. Calculate k(c).
-2
Let x(d) = d**2 - 8*d + 8. Let y be (2 - 3/((-6)/(-8))) + 197. Let a = y - 188. What is x(a)?
1
Suppose 5*o + 6 = 2*u, -5*o = 5*u + 2 - 17. Suppose -b + 3 = o, -y - 5*b + 6 + 17 = 0. Let p(x) = -3*x - 5*x + x**2 - 6 + 0*x. What is p(y)?
-6
Let k(z) be the second derivative of -z**4/12 + z**3 + 3*z**2 - 2*z + 249. Let w be (6 - 0)/(2/2). Let h be k(w). Let j(n) = n**2 - 6*n + 1. Give j(h).
1
Let v(d) be the second derivative of -d**5/20 + d**4/12 - d**3/3 - 74*d**2 - d - 6783. Calculate v(0).
-148
Let g = 2 + 4. Suppose -7*i = -11 - 3. Let a(k) = 2*k - i*k + 0*k - 3 - k. Determine a(g).
-9
Let w(a) = 63*a**2 - 7*a - 7. Let o be w(-1). Let j(x) = -117*x**2 + 55*x**2 - 4*x + o*x**2 - 7. Calculate j(7).
14
Let o(c) = 10*c + 3. Let u(m) = -29*m - 9. Let k(f) = 17*o(f) + 6*u(f). Let q be (8/(-6))/(((-24)/(-9))/(-4)). Suppose -i - q = -0. Give k(i).
5
Let p(v) = -v**2 + 3*v + 126. Let z(l) = l**2 - 4*l - 144. Let g(x) = 4*p(x) + 3*z(x). Give g(-9).
-9
Let a(o) be the third derivative of -o**5/60 - 5*o**4/24 + o**3/3 - 2458*o**2. Give a(-6).
-4
Let f(k) be the first derivative of -2/3*k**3 + 0*k**2 - 108 + 0*k. What is f(1)?
-2
Suppose -4 = -4*x - 44. Let k be x/1*(3 + -4). Let r(z) = z**2 - 11*z + 4. Give r(k).
-6
Let t = 158 + -159. Let d(k) = k**2 - 13*k + 11. Let m be ((-52)/((-8)/(-2)))/(-1). Let o(i) = 6*i - 5. Let q(g) = m*o(g) + 6*d(g). Give q(t).
7
Suppose 2*l - 94 = -86. Let w(n) be the first derivative of 32 + l*n + 5/2*n**2. What is w(3)?
19
Let d(z) = -4*z**3 - 27*z**2 + 5*z - 7. Let s be d(-7). Let l(n) = -n**3 + 7*n**2 - n + 13. What is l(s)?
6
Let o(m) = 6*m + 3. Suppose 3*x + 1 = -8. Let g(q) = -2*q - 2*q + 3*q + 2 - 1. Let v(z) = x*g(z) - o(z). What is v(-5)?
9
Let f = 582 + -576. Let r(l) be the first derivative of l**2 + l + 6. Let t(p) = p + 1. Let i(g) = 6*r(g) - 11*t(g). Give i(f).
1
Let v(g) = g**2 + 4613594*g - 4613592*g - 2*g**2. Suppose 0 + 7 = q. Determine v(q).
-35
Let j(f) = -f**3 - 5*f**2 + f - 7. Let t = -198 - -216. Suppose -93*d + t = -96*d. What is j(d)?
23
Let a(j) = 15*j + 3. Let b(w) = -67*w - 13. Let h(t) = -9*a(t) - 2*b(t). Suppose -5 = g - 8. Let r(u) = u - 2. Let c be r(g). What is h(c)?
-2
Suppose -15 = -4*n - 3*l, 2*n - 4*l + 7 = 3*n. Suppose 3*r - n*u - 2 - 1 = 0, 0 = 4*u. Let d(b) = -6*b**3 - 2*b**2 + b. Give d(r).
-7
Let t = 0 + 6. Let n(w) = 6*w + 3*w + 6*w + 1 + w + 0*w - 23*w. Give n(t).
-41
Let l(d) = -5*d + 6 + 2 + 0*d + d. Let m(s) = 9*s - 42. Let v be m(5). Determine l(v).
-4
Let m(c) = c - 33. Let o(k) = k + 26. Let w(a) = 3*m(a) + 4*o(a). Determine w(0).
5
Let r(z) = 7*z**3 - 14*z**2 + 34*z + 47. Let j(u) = u**3 + 4*u + 2. Let g(v) = -8*j(v) + r(v). What is g(-14)?
3
Let v(r) = -r**2 - 3*r + 2. Let a = -3 - -6. Suppose 0 = 3*p + 3*p - d - 21, 3*d = -3*p. Suppose -a*i - 24 = p*i. What is v(i)?
-2
Let c be -3*(0/(-2) + -1). Suppose c = 3*i + 15. Let x(n) = 7*n**2 + 6*n. Let z(p) = -16*p**2 - 11*p + 1. Let l(r) = -7*x(r) - 3*z(r). Calculate l(i).
17
Let i(t) = t**2 + 10*t - 154. Let c be i(-17). Suppose b = 3*b - 58. Let n = b + c. Let r(k) = k**3 + 6*k**2 - 2*k - 4. Calculate r(n).
8
Let r(z) be the second derivative of -z**4/12 - 4*z**3 + 2*z**2 - 2*z - 39. Give r(-24).
4
Let o = 12 + -8. Let i(r) = -o*r**2 - 4*r**2 - 1 - r - r**3 + 6*r**2. What is i(-1)?
-1
Let r(v) = -7*v + 1. Suppose -2*t = -3 - 1. Suppose t*y - y = -2*z + 58, -3*y + 39 = z. Let k be 40/18 + ((-87)/z - -3). Determine r(k).
-13
Let c(l) = -159 + 10*l**2 + 169 - 17*l + 4*l**3 - 5*l**3. Let d be c(8). Let q(g) = -3 - 8*g - 2*g**2 + 15*g + g**d + 2*g**2. What is q(-4)?
-15
Let w(l) = -8*l**2 + l - 1. Let n(x) = 3*x**2 + 11*x. Let q be n(-4). Suppose -38*p - q = -42*p. Determine w(p).
-8
Let z(c) = 2 + c + 19*c**2 - 2*c - 1. Suppose -467*b - 240 + 707 = 0. Calculate z(b).
19
Let a(g) = 2*g**2 + 5*g + 2. Let r be a(-3). Suppose t - r*t = -28. Let q(l) = t + 11*l + 0*l - 17*l + l**2. Calculate q(5).
2
Let a(i) = -i + 20. Let y be ((-2904)/(-132))/(6/(-8) - 5/(-20)). Suppose 5*x + 70 = 3*x. Let j = x - y. Determine a(j).
11
Suppose 3*t - 3 = 15. Let d(g) = -2*g**2 + 9*g - 5. Let l be d(3). Let w(m) = -l*m**2 + 5*m**2 + 48 - 52 - 7*m. What is w(t)?
-10
Let u(q) = q**3 - 2*q. Let k = -247 + 250. Suppose -k*h - 6 = 3*x, 4*h - 2 = -5*x - 12. Calculate u(x).
-4
Let o(j) = -4*j**2 - 17*j - 35. Let i = -587 - -582. Let f(r) = 3*r**2 + 12*r + 24. Let y(d) = i*o(d) - 7*f(d). What is y(4)?
-5
Let q be (-13 + (-494)/(-3